+ 185. Let a be 5/(w/36 + 4). What is the greatest common factor of 15 and a?
15
Suppose 6*n = 3*n + 2*q + 15, 6 = -2*q. Suppose 5*s = 10, 3*s - 11 = -4*d + n. Calculate the greatest common factor of d and 1.
1
Let f be 4/5*55/2. Calculate the highest common factor of f and 11.
11
Let t = 54 + -6. Suppose -4*j = -72 - t. Let n be (-2)/(((-6)/(-10))/(-3)). Calculate the greatest common factor of j and n.
10
Let l(s) = 2*s**3 - 9*s**2 - 2*s - 16. Let i be l(6). Calculate the highest common factor of 32 and i.
16
Let j(a) = -16*a**2 + a + 1. Let d be j(-1). Let v = d + 25. Let t be 2 - (-1 + -13 - 2). What is the greatest common divisor of t and v?
9
Let w(n) be the first derivative of -n**4/4 - 7*n**3/3 - 5*n**2/2 + 2*n - 4. Let t be w(-6). Let r = t + 7. Calculate the greatest common factor of r and 6.
3
Let q(s) be the second derivative of s**4/12 - s**3/3 - 3*s**2 - 4*s. Let m be q(6). Calculate the greatest common factor of m and 27.
9
Let a(u) = -u + 8. Suppose 0 = -3*x + 10 + 8. Let h be a(x). Suppose -2*k + 2 = s - 2, h*k = 3*s - 36. What is the highest common divisor of s and 2?
2
Let h be (-6)/(-24) - 766/(-8). Let s be (h/(-10))/((-3)/20). What is the highest common divisor of 8 and s?
8
Suppose -3*w + 4*d + 119 = 0, 9*w - 5*w + 2*d - 144 = 0. Calculate the highest common factor of 185 and w.
37
Let y = 0 + 1. Suppose -f = y - 0. Let b be 38 + f/1 + -1. Calculate the greatest common factor of 90 and b.
18
Suppose f - 18 = -4*o, -2*o = -f - 4*o + 12. Let z(c) = -8*c - f + 3 + 5. Let h be z(-2). Calculate the highest common factor of 27 and h.
9
Let n(u) = -3*u + 7. Let k be n(0). Calculate the greatest common factor of 14 and k.
7
Suppose -192 + 62 = -2*m. What is the highest common factor of m and 5?
5
Suppose 5*y - 187 = 38. Suppose 5*l = -c - 0*l + 30, c = -2*l + 15. Calculate the highest common factor of c and y.
5
Suppose 0 = -45*h + 43*h + 8. What is the highest common divisor of 24 and h?
4
Let u = 8 - -19. Let w be (-446)/(-18) - (-6)/u. What is the greatest common factor of w and 75?
25
Let t = 1 + -3. Let k be t/7 - 718/(-14). Let r = k + 18. Calculate the greatest common factor of r and 23.
23
Suppose 60 = -5*n + 5*s, -n - 5*s - 5 = 1. Let c = -2 - n. Suppose -4*i + 82 = -170. Calculate the greatest common divisor of c and i.
9
Let o(t) = -t**3 - 5*t**2 - 4*t + 2. Let z be o(-4). Let n(i) = 44*i + 2. Let w be n(z). Calculate the greatest common divisor of w and 18.
18
Suppose 2*c + 42 - 12 = 0. Let i be c/5*5/(-3). Suppose k = 10 - i. Calculate the greatest common divisor of k and 35.
5
Let w be ((-2)/6)/(4/12). Let t be -6*(w - 5/3). Calculate the greatest common divisor of t and 112.
16
Let k(r) = -8*r + 2 + r - 4. Let a be k(-2). Calculate the greatest common factor of a and 24.
12
Suppose 5*g + 2*l + 2*l = 55, -4*g + 3*l + 44 = 0. Suppose 0*p - 60 = -2*p + 2*f, -3*p + 84 = -5*f. What is the highest common factor of p and g?
11
Let o = -23 - -28. Calculate the highest common factor of 45 and o.
5
Let d be (50/5)/(1/9). Let o(n) = 6*n**3 - 2*n**2 - 3*n + 2. Let p be o(2). Calculate the greatest common divisor of p and d.
18
Let r = 30 + 47. Calculate the greatest common factor of 11 and r.
11
Let x = 5 + 0. Suppose x*a - 4 = -5*b + 6, -3*a = b. Suppose -7*t = -b*t - 4. What is the greatest common divisor of 2 and t?
1
Let m = -2 + 6. Suppose 0 = 6*j - m*j - 64. What is the greatest common divisor of j and 8?
8
Let z = 26 - 16. Let n be (2/4)/(1/z). Suppose n*k = 59 + 141. Calculate the greatest common divisor of 8 and k.
8
Let l be 2/7 - (-248)/14. Let b = l + 0. Let q(m) = -3*m**3 - m**2 - m - 1. Let g be q(-1). Calculate the greatest common factor of g and b.
2
Let b = 138 - -32. What is the highest common divisor of 34 and b?
34
Suppose 4*h = 81 + 315. Let s be -1 - 4/2 - -12. Calculate the greatest common factor of h and s.
9
Let k(r) = -r**2 - 14*r - 16. Let b be k(-10). What is the greatest common factor of b and 192?
24
Suppose -396 = -3*i + i. What is the highest common divisor of 18 and i?
18
Let f = 5 + 7. Let r(a) = a**3 + a**2 - 3*a - 5. Let d be r(-4). Let y = 19 - d. What is the greatest common divisor of f and y?
12
Suppose 0 = 3*s - 2*s - 240. Let p(d) = -d**3 + 8*d**2 + 11*d + 12. Let o be p(9). Calculate the highest common factor of o and s.
30
Suppose -11 - 4 = -5*g. Suppose 0 = -2*c + 9 - g. Suppose 6*d - d = n + 110, 0 = -3*d + n + 68. Calculate the highest common factor of c and d.
3
Let w = -16 + 18. Suppose 8*o - 480 = w*o. Calculate the highest common factor of o and 16.
16
Let d(x) = x**3 + 20*x**2 - 22*x - 9. Let p be d(-21). Suppose 15 + 33 = 4*a. What is the highest common divisor of a and p?
12
Suppose 0 = -5*c - 0*c. Suppose 2*z = 3*j - 0*z + 10, j = -5*z + 8. Let y be (c - j) + (-5)/(-1). What is the greatest common factor of y and 7?
7
Let l be (5 - 5)/(-2 - 0). Suppose l = -v - 1 + 4. Suppose -264 = -4*f + 3*h, f = v*h + 82 - 7. What is the highest common factor of f and 9?
9
Let f = 15 + 2. Suppose -16*n = -f*n + 66. What is the greatest common divisor of n and 44?
22
Let y be (2 - (2 + -3))/1. What is the highest common divisor of y and 3?
3
Let f = -175 + 189. Let w = -52 + 164. What is the highest common divisor of w and f?
14
Let j = 257 + -140. Let i be 40/3 - 1/3. What is the highest common factor of j and i?
13
Let x be 3 - (-22)/(-2) - -1. Let a(b) = -2*b. Let t be a(x). What is the greatest common divisor of 112 and t?
14
Suppose -2*r = 4*r - 12. What is the highest common divisor of r and 10?
2
Suppose -37 = -3*v - c, 4*v + 3*c = 3*v - 1. Suppose 0 = 4*r - 8 - 104. What is the greatest common divisor of v and r?
14
Let l be 2 - -94 - 0/1. Let c be ((-20)/(-3))/(1/3). Suppose 3*n - 16 = c. Calculate the greatest common divisor of n and l.
12
Let b be 2/(-6) + (-11)/3. Let g = -6 - b. Let n = -1 - g. What is the highest common divisor of n and 4?
1
Suppose 3*x = 54 + 72. Suppose -x = p - 4*p. Calculate the highest common divisor of p and 70.
14
Let v be ((-6)/(-3))/(2/9). Calculate the highest common divisor of 63 and v.
9
Let h = 19 - -26. Calculate the greatest common divisor of h and 9.
9
Suppose 0*t = -2*t - 34. Let c = -5 - t. What is the greatest common factor of 60 and c?
12
Let a(l) = -l - 6. Let w(d) = 2*d. Let j be w(-5). Let v be a(j). Suppose -18 - 14 = -v*r. Calculate the highest common factor of 40 and r.
8
Let z = 9 + -6. Let t(v) = v - 2. Let h be t(6). Let y be 2/h + z/6. What is the greatest common divisor of 5 and y?
1
Let r = -66 - -141. Calculate the greatest common divisor of 15 and r.
15
Let x(l) = l**3 + l**2 - 10. Let v be x(0). Let y = 28 + v. Calculate the highest common factor of y and 90.
18
Let b(k) = 0*k - k**3 + 4*k + 3 + 9 + 8*k**2 + 4*k. Let u be b(9). Suppose -u*f = -11 - 64. What is the greatest common factor of f and 200?
25
Let r(q) = -23*q - 7. Let m be r(-7). Suppose 27 + 1 = 2*a. Calculate the greatest common factor of a and m.
14
Let k = 134 - -116. Calculate the highest common factor of k and 100.
50
Suppose -3*c + 45 = 3. Let o be (-1)/6*14*-15. What is the greatest common divisor of c and o?
7
Let w(h) = -21*h + 1. Suppose 5*z - 9 + 4 = -5*j, 3*z + 5*j - 3 = 0. Let c be w(z). Let k be (-4)/c + 548/10. What is the highest common factor of 11 and k?
11
Suppose 4*r + 424 = 4*g, r + 0*r + 326 = 3*g. Calculate the highest common factor of 44 and g.
22
Suppose 0 = -4*k - 5*u + 175, -2*u = 3*u + 25. What is the greatest common divisor of k and 10?
10
Let o(n) = -n + 9. Let g be o(-9). Suppose -g = -j - 0*j. Calculate the greatest common factor of 9 and j.
9
Suppose 0 = -2*o - 5 - 1. Let y be (-98)/(-6) - (-1)/o. Let g be 26/8 - 12/(-16). Calculate the greatest common factor of y and g.
4
Suppose 5*d - 462 = d + 3*i, 4*i - 242 = -2*d. Let c = -190 - -203. Calculate the greatest common divisor of c and d.
13
Let i(z) = 2*z - 6. Let q be i(5). Suppose -3*b - b = -q*m + 28, 2*b + 4*m = 10. Let r = b + 31. Calculate the highest common factor of 42 and r.
14
Let k(z) = -6*z. Let x be k(-2). Let b(s) = -s**2 - 2*s**3 + 2*s**2 + 3*s + 0*s**2. Let l be b(-4). Calculate the highest common factor of l and x.
12
Let p be (-6)/(4/(272/(-6))). Calculate the highest common factor of p and 17.
17
Let s(f) = -f**3 - 3*f**2 + 5*f + 4. Let v be s(-4). Suppos